CRAN Package Check Results for Package EvalEst

Last updated on 2015-03-04 12:47:17.

Flavor Version Tinstall Tcheck Ttotal Status Flags
r-devel-linux-x86_64-debian-clang 2012.4-1 0.90 26.58 27.48 NOTE
r-devel-linux-x86_64-debian-gcc 2012.4-1 0.86 26.57 27.42 NOTE
r-devel-linux-x86_64-fedora-clang 2012.4-1 55.86 NOTE
r-devel-linux-x86_64-fedora-gcc 2012.4-1 52.74 NOTE
r-devel-osx-x86_64-clang 2012.4-1 55.29 NOTE
r-devel-windows-ix86+x86_64 2012.4-1 4.00 44.00 48.00 NOTE
r-patched-linux-x86_64 2012.4-1 1.13 33.74 34.87 NOTE
r-patched-solaris-sparc 2012.4-1 412.90 NOTE
r-patched-solaris-x86 2012.4-1 81.30 NOTE
r-release-linux-ix86 2012.4-1 1.48 40.81 42.28 NOTE
r-release-linux-x86_64 2012.4-1 1.11 31.03 32.14 NOTE
r-release-osx-x86_64-mavericks 2012.4-1 NOTE
r-release-windows-ix86+x86_64 2012.4-1 5.00 51.00 56.00 NOTE
r-oldrel-windows-ix86+x86_64 2012.4-1 5.00 49.00 54.00 NOTE

Check Details

Version: 2012.4-1
Check: dependencies in R code
Result: NOTE
    Package in Depends field not imported from: ‘setRNG’
     These packages need to be imported from (in the NAMESPACE file)
     for when this namespace is loaded but not attached.
Flavors: r-devel-linux-x86_64-debian-clang, r-devel-linux-x86_64-debian-gcc, r-devel-linux-x86_64-fedora-clang, r-devel-linux-x86_64-fedora-gcc, r-devel-osx-x86_64-clang, r-devel-windows-ix86+x86_64, r-patched-linux-x86_64, r-patched-solaris-sparc, r-patched-solaris-x86

Version: 2012.4-1
Check: R code for possible problems
Result: NOTE
    EstEval: no visible global function definition for ‘getRNG’
    EstEval: no visible global function definition for ‘setRNG’
    MonteCarloSimulations.EstEval: no visible global function definition
     for ‘getRNG’
    MonteCarloSimulations.MonteCarloSimulations: no visible global function
     definition for ‘getRNG’
    MonteCarloSimulations.TSmodel: no visible global function definition
     for ‘setRNG’
    MonteCarloSimulations.default: no visible global function definition
     for ‘setRNG’
    genMineData: no visible global function definition for ‘setRNG’
    summary.EstEval: no visible global function definition for ‘getRNG’
    summary.MonteCarloSimulations: no visible global function definition
     for ‘getRNG’
Flavors: r-devel-linux-x86_64-debian-clang, r-devel-linux-x86_64-debian-gcc, r-devel-linux-x86_64-fedora-clang, r-devel-linux-x86_64-fedora-gcc, r-devel-osx-x86_64-clang, r-devel-windows-ix86+x86_64, r-patched-linux-x86_64, r-patched-solaris-sparc, r-patched-solaris-x86, r-release-linux-ix86, r-release-linux-x86_64, r-release-osx-x86_64-mavericks, r-release-windows-ix86+x86_64

Version: 2012.4-1
Check: dependencies in R code
Result: NOTE
    Package in Depends field not imported from: ‘setRNG’
     These packages need to be imported from (in the NAMESPACE file)
     for when this namespace is loaded but not attached.
    See the information on DESCRIPTION files in the chapter ‘Creating R
    packages’ of the ‘Writing R Extensions’ manual.
Flavors: r-release-linux-ix86, r-release-linux-x86_64, r-release-osx-x86_64-mavericks, r-release-windows-ix86+x86_64, r-oldrel-windows-ix86+x86_64