CRAN Package Check Results for Package EvalEst

Last updated on 2017-08-22 06:46:45.

Flavor Version Tinstall Tcheck Ttotal Status Flags
r-devel-linux-x86_64-debian-clang 2015.4-2 0.82 34.67 35.49 NOTE
r-devel-linux-x86_64-debian-gcc 2015.4-2 0.80 34.54 35.34 NOTE
r-devel-linux-x86_64-fedora-clang 2015.4-2 74.04 NOTE
r-devel-linux-x86_64-fedora-gcc 2015.4-2 77.41 NOTE
r-devel-windows-ix86+x86_64 2015.4-2 6.00 71.00 77.00 NOTE
r-patched-linux-x86_64 2015.4-2 0.98 34.55 35.53 NOTE
r-patched-solaris-x86 2015.4-2 75.60 NOTE
r-release-linux-x86_64 2015.4-2 0.91 35.62 36.53 NOTE
r-release-windows-ix86+x86_64 2015.4-2 3.00 83.00 86.00 NOTE
r-release-osx-x86_64 2015.4-2 NOTE
r-oldrel-windows-ix86+x86_64 2015.4-2 3.00 48.00 51.00 NOTE
r-oldrel-osx-x86_64 2015.4-2 NOTE

Check Details

Version: 2015.4-2
Check: R code for possible problems
Result: NOTE
    TSestModel.coefEstEval: no visible binding for global variable ‘data’
    distribution.MonteCarloSimulations: no visible global function
     definition for ‘par’
    distribution.MonteCarloSimulations: no visible binding for global
     variable ‘var’
    distribution.MonteCarloSimulations: no visible global function
     definition for ‘plot’
    distribution.MonteCarloSimulations: no visible global function
     definition for ‘density’
    distribution.MonteCarloSimulations: no visible global function
     definition for ‘ksmooth’
    distribution.MonteCarloSimulations: no visible global function
     definition for ‘var’
    distribution.MonteCarloSimulations: no visible global function
     definition for ‘title’
    distribution.coefEstEval: no visible global function definition for
     ‘par’
    distribution.coefEstEval: no visible global function definition for
     ‘density’
    distribution.coefEstEval: no visible global function definition for
     ‘ksmooth’
    distribution.coefEstEval: no visible global function definition for
     ‘plot’
    distribution.coefEstEval: no visible global function definition for
     ‘lines’
    distribution.default: no visible global function definition for ‘par’
    distribution.default: no visible global function definition for
     ‘density’
    distribution.default: no visible global function definition for
     ‘ksmooth’
    distribution.default: no visible global function definition for ‘plot’
    distribution.rootsEstEval: no visible global function definition for
     ‘par’
    distribution.rootsEstEval: no visible global function definition for
     ‘ksmooth’
    distribution.rootsEstEval: no visible global function definition for
     ‘density’
    distribution.rootsEstEval: no visible global function definition for
     ‘plot’
    distribution.rootsEstEval: no visible global function definition for
     ‘lines’
    generateSSmodel: no visible global function definition for ‘runif’
    plot.rootsEstEval: no visible global function definition for ‘plot’
    plot.rootsEstEval: no visible global function definition for ‘matplot’
    summary.MonteCarloSimulations: no visible binding for global variable
     ‘var’
    tfplot.EstEval: no visible global function definition for ‘par’
    tfplot.EstEval: no visible global function definition for ‘title’
    tfplot.MonteCarloSimulations: no visible global function definition for
     ‘par’
    tfplot.MonteCarloSimulations: no visible global function definition for
     ‘title’
    Undefined global functions or variables:
     data density ksmooth lines matplot par plot runif title var
    Consider adding
     importFrom("graphics", "lines", "matplot", "par", "plot", "title")
     importFrom("stats", "density", "ksmooth", "runif", "var")
     importFrom("utils", "data")
    to your NAMESPACE file.
Flavors: r-devel-linux-x86_64-debian-clang, r-devel-linux-x86_64-debian-gcc, r-devel-linux-x86_64-fedora-clang, r-devel-linux-x86_64-fedora-gcc, r-devel-windows-ix86+x86_64, r-patched-linux-x86_64, r-patched-solaris-x86, r-release-linux-x86_64, r-release-windows-ix86+x86_64, r-release-osx-x86_64, r-oldrel-windows-ix86+x86_64, r-oldrel-osx-x86_64