CRAN Package Check Results for Package EvalEst

Last updated on 2015-06-30 03:47:55.

Flavor Version Tinstall Tcheck Ttotal Status Flags
r-devel-linux-x86_64-debian-clang 2015.4-2 0.77 26.53 27.30 NOTE
r-devel-linux-x86_64-debian-gcc 2015.4-2 0.82 25.28 26.10 NOTE
r-devel-linux-x86_64-fedora-clang 2015.4-2 52.80 OK
r-devel-linux-x86_64-fedora-gcc 2015.4-2 49.83 OK
r-devel-osx-x86_64-clang 2015.4-2 48.94 OK
r-devel-windows-ix86+x86_64 2015.4-2 4.00 43.00 47.00 NOTE
r-patched-linux-x86_64 2015.4-2 0.96 25.28 26.24 OK
r-patched-solaris-sparc 2015.4-2 344.80 OK
r-patched-solaris-x86 2015.4-2 68.30 OK
r-release-linux-x86_64 2015.4-2 0.78 25.65 26.43 OK
r-release-osx-x86_64-mavericks 2015.4-2 OK
r-release-windows-ix86+x86_64 2015.4-2 5.00 45.00 50.00 OK
r-oldrel-windows-ix86+x86_64 2015.4-2 5.00 79.00 84.00 OK

Check Details

Version: 2015.4-2
Check: R code for possible problems
Result: NOTE
    TSestModel.coefEstEval: no visible binding for global variable ‘data’
    distribution.MonteCarloSimulations: no visible global function
     definition for ‘par’
    distribution.MonteCarloSimulations: no visible binding for global
     variable ‘var’
    distribution.MonteCarloSimulations: no visible global function
     definition for ‘plot’
    distribution.MonteCarloSimulations: no visible global function
     definition for ‘density’
    distribution.MonteCarloSimulations: no visible global function
     definition for ‘ksmooth’
    distribution.MonteCarloSimulations: no visible global function
     definition for ‘var’
    distribution.MonteCarloSimulations: no visible global function
     definition for ‘title’
    distribution.coefEstEval: no visible global function definition for
     ‘par’
    distribution.coefEstEval: no visible global function definition for
     ‘density’
    distribution.coefEstEval: no visible global function definition for
     ‘ksmooth’
    distribution.coefEstEval: no visible global function definition for
     ‘plot’
    distribution.coefEstEval: no visible global function definition for
     ‘lines’
    distribution.default: no visible global function definition for ‘par’
    distribution.default: no visible global function definition for
     ‘density’
    distribution.default: no visible global function definition for
     ‘ksmooth’
    distribution.default: no visible global function definition for ‘plot’
    distribution.rootsEstEval: no visible global function definition for
     ‘par’
    distribution.rootsEstEval: no visible global function definition for
     ‘ksmooth’
    distribution.rootsEstEval: no visible global function definition for
     ‘density’
    distribution.rootsEstEval: no visible global function definition for
     ‘plot’
    distribution.rootsEstEval: no visible global function definition for
     ‘lines’
    generateSSmodel: no visible global function definition for ‘runif’
    plot.rootsEstEval: no visible global function definition for ‘plot’
    plot.rootsEstEval: no visible global function definition for ‘matplot’
    summary.MonteCarloSimulations: no visible binding for global variable
     ‘var’
    tfplot.EstEval: no visible global function definition for ‘par’
    tfplot.EstEval: no visible global function definition for ‘title’
    tfplot.MonteCarloSimulations: no visible global function definition for
     ‘par’
    tfplot.MonteCarloSimulations: no visible global function definition for
     ‘title’
Flavors: r-devel-linux-x86_64-debian-clang, r-devel-linux-x86_64-debian-gcc, r-devel-windows-ix86+x86_64