Last updated on 2024-05-07 11:54:59 CEST.
Flavor | Version | Tinstall | Tcheck | Ttotal | Status | Flags |
---|---|---|---|---|---|---|
r-devel-linux-x86_64-debian-clang | 2.2.2 | 107.11 | 41.52 | 148.63 | NOTE | |
r-devel-linux-x86_64-debian-gcc | 2.2.2 | 71.12 | 31.62 | 102.74 | NOTE | |
r-devel-linux-x86_64-fedora-clang | 2.2.2 | 214.91 | NOTE | |||
r-devel-linux-x86_64-fedora-gcc | 2.2.2 | 201.48 | NOTE | |||
r-devel-windows-x86_64 | 2.2.2 | 73.00 | 69.00 | 142.00 | NOTE | |
r-patched-linux-x86_64 | 2.2.2 | 95.77 | 40.11 | 135.88 | NOTE | |
r-release-linux-x86_64 | 2.2.2 | 91.46 | 40.75 | 132.21 | NOTE | |
r-release-macos-arm64 | 2.2.2 | 36.00 | NOTE | |||
r-release-windows-x86_64 | 2.2.2 | 72.00 | 71.00 | 143.00 | NOTE | |
r-oldrel-macos-arm64 | 2.2.2 | 44.00 | NOTE | |||
r-oldrel-macos-x86_64 | 2.2.2 | 79.00 | NOTE | |||
r-oldrel-windows-x86_64 | 2.2.2 | 66.00 | 80.00 | 146.00 | NOTE |
Version: 2.2.2
Check: LazyData
Result: NOTE
'LazyData' is specified without a 'data' directory
Flavors: r-devel-linux-x86_64-debian-clang, r-devel-linux-x86_64-debian-gcc, r-devel-linux-x86_64-fedora-clang, r-devel-linux-x86_64-fedora-gcc, r-devel-windows-x86_64, r-patched-linux-x86_64, r-release-linux-x86_64, r-release-macos-arm64, r-release-windows-x86_64, r-oldrel-macos-arm64, r-oldrel-macos-x86_64, r-oldrel-windows-x86_64