Last updated on 2024-04-30 21:50:08 CEST.
Flavor | Version | Tinstall | Tcheck | Ttotal | Status | Flags |
---|---|---|---|---|---|---|
r-devel-linux-x86_64-debian-clang | 1.0.3 | 8.38 | 89.79 | 98.17 | NOTE | |
r-devel-linux-x86_64-debian-gcc | 1.0.3 | 7.68 | 66.01 | 73.69 | NOTE | |
r-devel-linux-x86_64-fedora-clang | 1.0.3 | 130.57 | NOTE | |||
r-devel-linux-x86_64-fedora-gcc | 1.0.3 | 121.17 | NOTE | |||
r-devel-windows-x86_64 | 1.0.3 | 9.00 | 79.00 | 88.00 | OK | |
r-patched-linux-x86_64 | 1.0.3 | 12.08 | 84.19 | 96.27 | NOTE | |
r-release-linux-x86_64 | 1.0.3 | 9.58 | 84.57 | 94.15 | NOTE | |
r-release-macos-arm64 | 1.0.3 | 39.00 | OK | |||
r-release-windows-x86_64 | 1.0.3 | 11.00 | 78.00 | 89.00 | OK | |
r-oldrel-macos-arm64 | 1.0.3 | 43.00 | OK | |||
r-oldrel-macos-x86_64 | 1.0.3 | 74.00 | OK | |||
r-oldrel-windows-x86_64 | 1.0.3 | 12.00 | 93.00 | 105.00 | OK |
Version: 1.0.3
Check: for non-standard things in the check directory
Result: NOTE
Found the following files/directories:
‘eval_test_LG_ROC.pdf’ ‘test.pdf’
Flavors: r-devel-linux-x86_64-debian-clang, r-devel-linux-x86_64-debian-gcc, r-devel-linux-x86_64-fedora-clang, r-devel-linux-x86_64-fedora-gcc, r-patched-linux-x86_64, r-release-linux-x86_64