CRAN Package Check Results for Package DPpackage

Last updated on 2014-08-01 11:48:15.

Flavor Version Tinstall Tcheck Ttotal Status Flags
r-devel-linux-x86_64-debian-clang 1.1-6 93.21 132.50 225.71 NOTE
r-devel-linux-x86_64-debian-gcc 1.1-6 93.16 127.09 220.25 NOTE
r-devel-linux-x86_64-fedora-clang 1.1-6 387.20 NOTE
r-devel-linux-x86_64-fedora-gcc 1.1-6 361.54 NOTE
r-devel-osx-x86_64-clang 1.1-6 304.92 NOTE
r-devel-windows-ix86+x86_64 1.1-6 209.00 181.00 390.00 NOTE
r-patched-linux-x86_64 1.1-6 92.48 127.24 219.72 NOTE
r-patched-solaris-sparc 1.1-6 2401.70 NOTE
r-patched-solaris-x86 1.1-6 584.60 NOTE
r-release-linux-ix86 1.1-6 124.10 149.32 273.41 NOTE
r-release-linux-x86_64 1.1-6 93.64 127.16 220.79 NOTE
r-release-osx-x86_64-mavericks 1.1-6 NOTE
r-release-windows-ix86+x86_64 1.1-6 280.00 256.00 536.00 NOTE
r-oldrel-windows-ix86+x86_64 1.1-6 278.00 244.00 522.00 NOTE

Check Details

Version: 1.1-6
Check: installed package size
Result: NOTE
     installed size is 7.0Mb
     sub-directories of 1Mb or more:
     libs 5.8Mb
Flavors: r-devel-linux-x86_64-debian-clang, r-devel-linux-x86_64-debian-gcc, r-patched-linux-x86_64, r-release-linux-ix86, r-release-linux-x86_64

Version: 1.1-6
Check: top-level files
Result: NOTE
    File
     LICENSE
    is not mentioned in the DESCRIPTION file.
Flavors: r-devel-linux-x86_64-debian-clang, r-devel-linux-x86_64-debian-gcc, r-devel-linux-x86_64-fedora-clang, r-devel-linux-x86_64-fedora-gcc, r-devel-osx-x86_64-clang, r-devel-windows-ix86+x86_64, r-patched-linux-x86_64, r-patched-solaris-sparc, r-patched-solaris-x86, r-release-linux-ix86, r-release-linux-x86_64, r-release-osx-x86_64-mavericks, r-release-windows-ix86+x86_64, r-oldrel-windows-ix86+x86_64

Version: 1.1-6
Check: dependencies in R code
Result: NOTE
    'library' or 'require' calls to packages already attached by Depends:
     MASS nlme survival
     Please remove these calls from your code.
    See the information on DESCRIPTION files in the chapter Creating R
    packages of the Writing R Extensions manual.
Flavors: r-devel-linux-x86_64-debian-clang, r-devel-linux-x86_64-debian-gcc, r-devel-linux-x86_64-fedora-clang, r-devel-linux-x86_64-fedora-gcc, r-devel-osx-x86_64-clang, r-devel-windows-ix86+x86_64, r-patched-linux-x86_64, r-patched-solaris-sparc, r-patched-solaris-x86, r-release-linux-ix86, r-release-linux-x86_64, r-release-osx-x86_64-mavericks, r-release-windows-ix86+x86_64, r-oldrel-windows-ix86+x86_64

Version: 1.1-6
Check: compiled code
Result: NOTE
    File /home/hornik/tmp/R.check/r-devel-clang/Work/build/Packages/DPpackage/libs/DPpackage.so :
     Found _gfortran_st_write , possibly from write (Fortran), print
     (Fortran)
     Objects: DPdensityreg.o , LDBDPdensity.o , LDDPdensity.o ,
     LDDPsurvival.o , LDPDdoublyintsba.o , LDTFPdensity.o ,
     LDTFPglmmpois.o , LDTFPsurvival.o , PSgamgam.o ,
     PSgamgauss.o , PSgamlogit.o , PSgampois.o , PSgamprob.o
    
    Compiled code should not call entry points which might terminate R nor
    write to stdout/stderr instead of to the console.
    
    See Writing portable packages in the Writing R Extensions manual.
Flavor: r-devel-linux-x86_64-debian-clang

Version: 1.1-6
Check: compiled code
Result: NOTE
    File /home/hornik/tmp/R.check/r-devel-gcc/Work/build/Packages/DPpackage/libs/DPpackage.so :
     Found _gfortran_st_write , possibly from write (Fortran), print
     (Fortran)
     Objects: DPdensityreg.o , LDBDPdensity.o , LDDPdensity.o ,
     LDDPsurvival.o , LDPDdoublyintsba.o , LDTFPdensity.o ,
     LDTFPglmmpois.o , LDTFPsurvival.o , PSgamgam.o ,
     PSgamgauss.o , PSgamlogit.o , PSgampois.o , PSgamprob.o
    
    Compiled code should not call entry points which might terminate R nor
    write to stdout/stderr instead of to the console.
    
    See Writing portable packages in the Writing R Extensions manual.
Flavor: r-devel-linux-x86_64-debian-gcc

Version: 1.1-6
Check: compiled code
Result: NOTE
    File /data/gannet/ripley/R/packages/tests-clang/DPpackage.Rcheck/DPpackage/libs/DPpackage.so :
     Found _gfortran_st_write , possibly from write (Fortran), print
     (Fortran)
     Objects: DPdensityreg.o , LDBDPdensity.o , LDDPdensity.o ,
     LDDPsurvival.o , LDPDdoublyintsba.o , LDTFPdensity.o ,
     LDTFPglmmpois.o , LDTFPsurvival.o , PSgamgam.o ,
     PSgamgauss.o , PSgamlogit.o , PSgampois.o , PSgamprob.o
    
    Compiled code should not call entry points which might terminate R nor
    write to stdout/stderr instead of to the console.
    
    See Writing portable packages in the Writing R Extensions manual.
Flavor: r-devel-linux-x86_64-fedora-clang

Version: 1.1-6
Check: compiled code
Result: NOTE
    File /data/gannet/ripley/R/packages/tests-devel/DPpackage.Rcheck/DPpackage/libs/DPpackage.so :
     Found _gfortran_st_write , possibly from write (Fortran), print
     (Fortran)
     Objects: DPdensityreg.o , LDBDPdensity.o , LDDPdensity.o ,
     LDDPsurvival.o , LDPDdoublyintsba.o , LDTFPdensity.o ,
     LDTFPglmmpois.o , LDTFPsurvival.o , PSgamgam.o ,
     PSgamgauss.o , PSgamlogit.o , PSgampois.o , PSgamprob.o
    
    Compiled code should not call entry points which might terminate R nor
    write to stdout/stderr instead of to the console.
    
    See Writing portable packages in the Writing R Extensions manual.
Flavor: r-devel-linux-x86_64-fedora-gcc

Version: 1.1-6
Check: compiled code
Result: NOTE
    File /Users/ripley/R/packages/tests-devel/DPpackage.Rcheck/DPpackage/libs/DPpackage.so :
     Found __gfortran_st_write , possibly from write (Fortran), print
     (Fortran)
     Objects: DPdensityreg.o , LDBDPdensity.o , LDDPdensity.o ,
     LDDPsurvival.o , LDPDdoublyintsba.o , LDTFPdensity.o ,
     LDTFPglmmpois.o , LDTFPsurvival.o , PSgamgam.o ,
     PSgamgauss.o , PSgamlogit.o , PSgampois.o , PSgamprob.o
    
    Compiled code should not call entry points which might terminate R nor
    write to stdout/stderr instead of to the console.
    
    See Writing portable packages in the Writing R Extensions manual.
Flavor: r-devel-osx-x86_64-clang

Version: 1.1-6
Check: compiled code
Result: NOTE
    File 'd:/Rcompile/CRANpkg/lib/3.2/DPpackage/libs/i386/DPpackage.dll':
     Found '_gfortran_st_write', possibly from 'write' (Fortran), 'print'
     (Fortran)
     Objects: 'DPdensityreg.o', 'LDBDPdensity.o', 'LDDPdensity.o',
     'LDDPsurvival.o', 'LDPDdoublyintsba.o', 'LDTFPdensity.o',
     'LDTFPglmmpois.o', 'LDTFPsurvival.o', 'PSgamgam.o',
     'PSgamgauss.o', 'PSgamlogit.o', 'PSgampois.o', 'PSgamprob.o'
    File 'd:/Rcompile/CRANpkg/lib/3.2/DPpackage/libs/x64/DPpackage.dll':
     Found '_gfortran_st_write', possibly from 'write' (Fortran), 'print'
     (Fortran)
     Objects: 'DPdensityreg.o', 'LDBDPdensity.o', 'LDDPdensity.o',
     'LDDPsurvival.o', 'LDPDdoublyintsba.o', 'LDTFPdensity.o',
     'LDTFPglmmpois.o', 'LDTFPsurvival.o', 'PSgamgam.o',
     'PSgamgauss.o', 'PSgamlogit.o', 'PSgampois.o', 'PSgamprob.o'
    
    Compiled code should not call entry points which might terminate R nor
    write to stdout/stderr instead of to the console.
    
    See 'Writing portable packages' in the 'Writing R Extensions' manual.
    * checking examples ...
Flavor: r-devel-windows-ix86+x86_64

Version: 1.1-6
Check: compiled code
Result: NOTE
    File /home/hornik/tmp/R.check/r-patched-gcc/Work/build/Packages/DPpackage/libs/DPpackage.so :
     Found _gfortran_st_write , possibly from write (Fortran), print
     (Fortran)
     Objects: DPdensityreg.o , LDBDPdensity.o , LDDPdensity.o ,
     LDDPsurvival.o , LDPDdoublyintsba.o , LDTFPdensity.o ,
     LDTFPglmmpois.o , LDTFPsurvival.o , PSgamgam.o ,
     PSgamgauss.o , PSgamlogit.o , PSgampois.o , PSgamprob.o
    
    Compiled code should not call entry points which might terminate R nor
    write to stdout/stderr instead of to the console.
    
    See Writing portable packages in the Writing R Extensions manual.
Flavor: r-patched-linux-x86_64

Version: 1.1-6
Check: compiled code
Result: NOTE
    File /home/ripley/R/Lib32/DPpackage/libs/DPpackage.so :
     Found __f90_esuw , possibly from write (Fortran)
     Objects: DPdensityreg.o , LDBDPdensity.o , LDDPdensity.o ,
     LDDPsurvival.o , LDPDdoublyintsba.o , LDTFPdensity.o ,
     LDTFPglmmpois.o , LDTFPsurvival.o , PSgamgam.o ,
     PSgamgauss.o , PSgamlogit.o , PSgampois.o , PSgamprob.o
    
    Compiled code should not call entry points which might terminate R nor
    write to stdout/stderr instead of to the console.
    
    See Writing portable packages in the Writing R Extensions manual.
Flavors: r-patched-solaris-sparc, r-patched-solaris-x86

Version: 1.1-6
Check: compiled code
Result: NOTE
    File /home/hornik/tmp/R.check/r-release-gcc/Work/build/Packages/DPpackage/libs/DPpackage.so :
     Found _gfortran_st_write , possibly from write (Fortran), print
     (Fortran)
     Objects: DPdensityreg.o , LDBDPdensity.o , LDDPdensity.o ,
     LDDPsurvival.o , LDPDdoublyintsba.o , LDTFPdensity.o ,
     LDTFPglmmpois.o , LDTFPsurvival.o , PSgamgam.o ,
     PSgamgauss.o , PSgamlogit.o , PSgampois.o , PSgamprob.o
    
    Compiled code should not call entry points which might terminate R nor
    write to stdout/stderr instead of to the console.
    
    See Writing portable packages in the Writing R Extensions manual.
Flavors: r-release-linux-ix86, r-release-linux-x86_64

Version: 1.1-6
Check: compiled code
Result: NOTE
    File /Builds/CRAN-QA-Simon/packages/mavericks-x86_64/results/3.1/DPpackage.Rcheck/DPpackage/libs/DPpackage.so :
     Found __gfortran_st_write , possibly from write (Fortran), print
     (Fortran)
     Objects: DPdensityreg.o , LDBDPdensity.o , LDDPdensity.o ,
     LDDPsurvival.o , LDPDdoublyintsba.o , LDTFPdensity.o ,
     LDTFPglmmpois.o , LDTFPsurvival.o , PSgamgam.o ,
     PSgamgauss.o , PSgamlogit.o , PSgampois.o , PSgamprob.o
    
    Compiled code should not call entry points which might terminate R nor
    write to stdout/stderr instead of to the console.
    
    See Writing portable packages in the Writing R Extensions manual.
Flavor: r-release-osx-x86_64-mavericks

Version: 1.1-6
Check: compiled code
Result: NOTE
    File 'd:/Rcompile/CRANpkg/lib/3.1/DPpackage/libs/i386/DPpackage.dll':
     Found '_gfortran_st_write', possibly from 'write' (Fortran), 'print'
     (Fortran)
     Objects: 'DPdensityreg.o', 'LDBDPdensity.o', 'LDDPdensity.o',
     'LDDPsurvival.o', 'LDPDdoublyintsba.o', 'LDTFPdensity.o',
     'LDTFPglmmpois.o', 'LDTFPsurvival.o', 'PSgamgam.o',
     'PSgamgauss.o', 'PSgamlogit.o', 'PSgampois.o', 'PSgamprob.o'
    File 'd:/Rcompile/CRANpkg/lib/3.1/DPpackage/libs/x64/DPpackage.dll':
     Found '_gfortran_st_write', possibly from 'write' (Fortran), 'print'
     (Fortran)
     Objects: 'DPdensityreg.o', 'LDBDPdensity.o', 'LDDPdensity.o',
     'LDDPsurvival.o', 'LDPDdoublyintsba.o', 'LDTFPdensity.o',
     'LDTFPglmmpois.o', 'LDTFPsurvival.o', 'PSgamgam.o',
     'PSgamgauss.o', 'PSgamlogit.o', 'PSgampois.o', 'PSgamprob.o'
    
    Compiled code should not call entry points which might terminate R nor
    write to stdout/stderr instead of to the console.
    
    See 'Writing portable packages' in the 'Writing R Extensions' manual.
    * checking examples ...
Flavor: r-release-windows-ix86+x86_64

Version: 1.1-6
Check: compiled code
Result: NOTE
    File 'd:/Rcompile/CRANpkg/lib/3.0/DPpackage/libs/i386/DPpackage.dll':
     Found '_gfortran_st_write', possibly from 'write' (Fortran), 'print'
     (Fortran)
     Objects: 'DPdensityreg.o', 'LDBDPdensity.o', 'LDDPdensity.o',
     'LDDPsurvival.o', 'LDPDdoublyintsba.o', 'LDTFPdensity.o',
     'LDTFPglmmpois.o', 'LDTFPsurvival.o', 'PSgamgam.o',
     'PSgamgauss.o', 'PSgamlogit.o', 'PSgampois.o', 'PSgamprob.o'
    File 'd:/Rcompile/CRANpkg/lib/3.0/DPpackage/libs/x64/DPpackage.dll':
     Found '_gfortran_st_write', possibly from 'write' (Fortran), 'print'
     (Fortran)
     Objects: 'DPdensityreg.o', 'LDBDPdensity.o', 'LDDPdensity.o',
     'LDDPsurvival.o', 'LDPDdoublyintsba.o', 'LDTFPdensity.o',
     'LDTFPglmmpois.o', 'LDTFPsurvival.o', 'PSgamgam.o',
     'PSgamgauss.o', 'PSgamlogit.o', 'PSgampois.o', 'PSgamprob.o'
    
    Compiled code should not call entry points which might terminate R nor
    write to stdout/stderr instead of to the console.
    
    See 'Writing portable packages' in the 'Writing R Extensions' manual.
    * checking examples ...
Flavor: r-oldrel-windows-ix86+x86_64