CRAN Package Check Results for Package DPpackage

Last updated on 2015-03-04 21:46:42.

Flavor Version Tinstall Tcheck Ttotal Status Flags
r-devel-linux-x86_64-debian-clang 1.1-6 92.75 125.62 218.37 NOTE
r-devel-linux-x86_64-debian-gcc 1.1-6 91.81 121.02 212.83 NOTE
r-devel-linux-x86_64-fedora-clang 1.1-6 353.42 NOTE
r-devel-linux-x86_64-fedora-gcc 1.1-6 329.78 NOTE
r-devel-osx-x86_64-clang 1.1-6 317.88 NOTE
r-devel-windows-ix86+x86_64 1.1-6 216.00 156.00 372.00 NOTE
r-patched-linux-x86_64 1.1-6 94.92 126.69 221.60 NOTE
r-patched-solaris-sparc 1.1-6 2224.20 NOTE
r-patched-solaris-x86 1.1-6 587.80 NOTE
r-release-linux-ix86 1.1-6 118.43 201.30 319.73 NOTE
r-release-linux-x86_64 1.1-6 94.12 129.99 224.11 NOTE
r-release-osx-x86_64-mavericks 1.1-6 NOTE
r-release-windows-ix86+x86_64 1.1-6 213.00 191.00 404.00 NOTE
r-oldrel-windows-ix86+x86_64 1.1-6 212.00 169.00 381.00 NOTE

Check Details

Version: 1.1-6
Check: installed package size
Result: NOTE
     installed size is 7.0Mb
     sub-directories of 1Mb or more:
     libs 5.8Mb
Flavors: r-devel-linux-x86_64-debian-clang, r-devel-linux-x86_64-debian-gcc, r-patched-linux-x86_64, r-release-linux-ix86, r-release-linux-x86_64

Version: 1.1-6
Check: top-level files
Result: NOTE
    File
     LICENSE
    is not mentioned in the DESCRIPTION file.
Flavors: r-devel-linux-x86_64-debian-clang, r-devel-linux-x86_64-debian-gcc, r-devel-linux-x86_64-fedora-clang, r-devel-linux-x86_64-fedora-gcc, r-devel-osx-x86_64-clang, r-devel-windows-ix86+x86_64, r-patched-linux-x86_64, r-patched-solaris-sparc, r-patched-solaris-x86, r-release-linux-ix86, r-release-linux-x86_64, r-release-osx-x86_64-mavericks, r-release-windows-ix86+x86_64, r-oldrel-windows-ix86+x86_64

Version: 1.1-6
Check: dependencies in R code
Result: NOTE
    'library' or 'require' calls to packages already attached by Depends:
     ‘MASS’ ‘nlme’ ‘survival’
     Please remove these calls from your code.
Flavors: r-devel-linux-x86_64-debian-clang, r-devel-linux-x86_64-debian-gcc, r-devel-linux-x86_64-fedora-clang, r-devel-linux-x86_64-fedora-gcc, r-devel-osx-x86_64-clang, r-devel-windows-ix86+x86_64, r-patched-linux-x86_64, r-patched-solaris-sparc, r-patched-solaris-x86

Version: 1.1-6
Check: S3 generic/method consistency
Result: NOTE
    Found the following apparent S3 methods exported but not registered:
     BDPdensity.default CSDPbinary.default DPMdencens.default
     DPMglmm.default DPMlmm.default DPMmeta.default DPMolmm.default
     DPMrandom.default DPMrasch.default DPMraschpoisson.default
     DPbetabinom.default DPbinary.default DPcdensity.default
     DPdensity.default DPelicit.default DPglmm.default DPlmm.default
     DPmeta.default DPmultmeta.default DPolmm.default DPrandom.default
     DPrasch.default DPraschpoisson.default DProc.default
     DPsurvint.default FPTbinary.default FPTrasch.default
     FPTraschpoisson.default HDPMcdensity.default HDPMdensity.default
     LDBDPdensity.default LDDPdensity.default LDDPrasch.default
     LDDPraschpoisson.default LDDProc.default LDDPsurvival.default
     LDDPtwopl.default LDPDdoublyint.default LDTFPdensity.default
     LDTFPglmm.default LDTFPsurvival.default PSgam.default
     PTdensity.default PTglmm.default PTlm.default PTlmm.default
     PTmeta.default PTolmm.default PTrandom.default PTsampler.default
     Pbinary.default Plm.default TDPdensity.default
    See section ‘Registering S3 methods’ in the ‘Writing R Extensions’
    manual.
Flavors: r-devel-linux-x86_64-debian-clang, r-devel-linux-x86_64-debian-gcc, r-devel-linux-x86_64-fedora-clang, r-devel-linux-x86_64-fedora-gcc, r-devel-osx-x86_64-clang

Version: 1.1-6
Check: compiled code
Result: NOTE
    File ‘DPpackage/libs/DPpackage.so’:
     Found ‘_gfortran_st_write’, possibly from ‘write’ (Fortran), ‘print’
     (Fortran)
     Objects: ‘DPdensityreg.o’, ‘LDBDPdensity.o’, ‘LDDPdensity.o’,
     ‘LDDPsurvival.o’, ‘LDPDdoublyintsba.o’, ‘LDTFPdensity.o’,
     ‘LDTFPglmmpois.o’, ‘LDTFPsurvival.o’, ‘PSgamgam.o’,
     ‘PSgamgauss.o’, ‘PSgamlogit.o’, ‘PSgampois.o’, ‘PSgamprob.o’
    
    Compiled code should not call entry points which might terminate R nor
    write to stdout/stderr instead of to the console, nor the system RNG.
    
    See ‘Writing portable packages’ in the ‘Writing R Extensions’ manual.
Flavors: r-devel-linux-x86_64-debian-clang, r-devel-linux-x86_64-debian-gcc, r-devel-linux-x86_64-fedora-clang, r-devel-linux-x86_64-fedora-gcc, r-patched-linux-x86_64

Version: 1.1-6
Check: compiled code
Result: NOTE
    File ‘DPpackage/libs/DPpackage.so’:
     Found ‘__gfortran_st_write’, possibly from ‘write’ (Fortran), ‘print’
     (Fortran)
     Objects: ‘DPdensityreg.o’, ‘LDBDPdensity.o’, ‘LDDPdensity.o’,
     ‘LDDPsurvival.o’, ‘LDPDdoublyintsba.o’, ‘LDTFPdensity.o’,
     ‘LDTFPglmmpois.o’, ‘LDTFPsurvival.o’, ‘PSgamgam.o’,
     ‘PSgamgauss.o’, ‘PSgamlogit.o’, ‘PSgampois.o’, ‘PSgamprob.o’
    
    Compiled code should not call entry points which might terminate R nor
    write to stdout/stderr instead of to the console, nor the system RNG.
    
    See ‘Writing portable packages’ in the ‘Writing R Extensions’ manual.
Flavors: r-devel-osx-x86_64-clang, r-release-osx-x86_64-mavericks

Version: 1.1-6
Check: compiled code
Result: NOTE
    File 'DPpackage/libs/i386/DPpackage.dll':
     Found '_gfortran_st_write', possibly from 'write' (Fortran), 'print'
     (Fortran)
     Objects: 'DPdensityreg.o', 'LDBDPdensity.o', 'LDDPdensity.o',
     'LDDPsurvival.o', 'LDPDdoublyintsba.o', 'LDTFPdensity.o',
     'LDTFPglmmpois.o', 'LDTFPsurvival.o', 'PSgamgam.o',
     'PSgamgauss.o', 'PSgamlogit.o', 'PSgampois.o', 'PSgamprob.o'
    File 'DPpackage/libs/x64/DPpackage.dll':
     Found '_gfortran_st_write', possibly from 'write' (Fortran), 'print'
     (Fortran)
     Objects: 'DPdensityreg.o', 'LDBDPdensity.o', 'LDDPdensity.o',
     'LDDPsurvival.o', 'LDPDdoublyintsba.o', 'LDTFPdensity.o',
     'LDTFPglmmpois.o', 'LDTFPsurvival.o', 'PSgamgam.o',
     'PSgamgauss.o', 'PSgamlogit.o', 'PSgampois.o', 'PSgamprob.o'
    
    Compiled code should not call entry points which might terminate R nor
    write to stdout/stderr instead of to the console, nor the system RNG.
    
    See 'Writing portable packages' in the 'Writing R Extensions' manual.
Flavor: r-devel-windows-ix86+x86_64

Version: 1.1-6
Check: compiled code
Result: NOTE
    File ‘DPpackage/libs/DPpackage.so’:
     Found ‘__f90_esuw’, possibly from ‘write’ (Fortran)
     Objects: ‘DPdensityreg.o’, ‘LDBDPdensity.o’, ‘LDDPdensity.o’,
     ‘LDDPsurvival.o’, ‘LDPDdoublyintsba.o’, ‘LDTFPdensity.o’,
     ‘LDTFPglmmpois.o’, ‘LDTFPsurvival.o’, ‘PSgamgam.o’,
     ‘PSgamgauss.o’, ‘PSgamlogit.o’, ‘PSgampois.o’, ‘PSgamprob.o’
    
    Compiled code should not call entry points which might terminate R nor
    write to stdout/stderr instead of to the console, nor the system RNG.
    
    See ‘Writing portable packages’ in the ‘Writing R Extensions’ manual.
Flavor: r-patched-solaris-x86

Version: 1.1-6
Check: dependencies in R code
Result: NOTE
    'library' or 'require' calls to packages already attached by Depends:
     ‘MASS’ ‘nlme’ ‘survival’
     Please remove these calls from your code.
    See the information on DESCRIPTION files in the chapter ‘Creating R
    packages’ of the ‘Writing R Extensions’ manual.
Flavors: r-release-linux-ix86, r-release-linux-x86_64, r-release-osx-x86_64-mavericks, r-release-windows-ix86+x86_64, r-oldrel-windows-ix86+x86_64

Version: 1.1-6
Check: compiled code
Result: NOTE
    File ‘DPpackage/libs/DPpackage.so’:
     Found ‘_gfortran_st_write’, possibly from ‘write’ (Fortran), ‘print’
     (Fortran)
     Objects: ‘DPdensityreg.o’, ‘LDBDPdensity.o’, ‘LDDPdensity.o’,
     ‘LDDPsurvival.o’, ‘LDPDdoublyintsba.o’, ‘LDTFPdensity.o’,
     ‘LDTFPglmmpois.o’, ‘LDTFPsurvival.o’, ‘PSgamgam.o’,
     ‘PSgamgauss.o’, ‘PSgamlogit.o’, ‘PSgampois.o’, ‘PSgamprob.o’
    
    Compiled code should not call entry points which might terminate R nor
    write to stdout/stderr instead of to the console, nor the C RNG.
    
    See ‘Writing portable packages’ in the ‘Writing R Extensions’ manual.
Flavors: r-release-linux-ix86, r-release-linux-x86_64

Version: 1.1-6
Check: compiled code
Result: NOTE
    File 'DPpackage/libs/i386/DPpackage.dll':
     Found '_gfortran_st_write', possibly from 'write' (Fortran), 'print'
     (Fortran)
     Objects: 'DPdensityreg.o', 'LDBDPdensity.o', 'LDDPdensity.o',
     'LDDPsurvival.o', 'LDPDdoublyintsba.o', 'LDTFPdensity.o',
     'LDTFPglmmpois.o', 'LDTFPsurvival.o', 'PSgamgam.o',
     'PSgamgauss.o', 'PSgamlogit.o', 'PSgampois.o', 'PSgamprob.o'
    File 'DPpackage/libs/x64/DPpackage.dll':
     Found '_gfortran_st_write', possibly from 'write' (Fortran), 'print'
     (Fortran)
     Objects: 'DPdensityreg.o', 'LDBDPdensity.o', 'LDDPdensity.o',
     'LDDPsurvival.o', 'LDPDdoublyintsba.o', 'LDTFPdensity.o',
     'LDTFPglmmpois.o', 'LDTFPsurvival.o', 'PSgamgam.o',
     'PSgamgauss.o', 'PSgamlogit.o', 'PSgampois.o', 'PSgamprob.o'
    
    Compiled code should not call entry points which might terminate R nor
    write to stdout/stderr instead of to the console, nor the C RNG.
    
    See 'Writing portable packages' in the 'Writing R Extensions' manual.
Flavor: r-release-windows-ix86+x86_64

Version: 1.1-6
Check: compiled code
Result: NOTE
    File 'd:/Rcompile/CRANpkg/lib/3.0/DPpackage/libs/i386/DPpackage.dll':
     Found '_gfortran_st_write', possibly from 'write' (Fortran), 'print'
     (Fortran)
     Objects: 'DPdensityreg.o', 'LDBDPdensity.o', 'LDDPdensity.o',
     'LDDPsurvival.o', 'LDPDdoublyintsba.o', 'LDTFPdensity.o',
     'LDTFPglmmpois.o', 'LDTFPsurvival.o', 'PSgamgam.o',
     'PSgamgauss.o', 'PSgamlogit.o', 'PSgampois.o', 'PSgamprob.o'
    File 'd:/Rcompile/CRANpkg/lib/3.0/DPpackage/libs/x64/DPpackage.dll':
     Found '_gfortran_st_write', possibly from 'write' (Fortran), 'print'
     (Fortran)
     Objects: 'DPdensityreg.o', 'LDBDPdensity.o', 'LDDPdensity.o',
     'LDDPsurvival.o', 'LDPDdoublyintsba.o', 'LDTFPdensity.o',
     'LDTFPglmmpois.o', 'LDTFPsurvival.o', 'PSgamgam.o',
     'PSgamgauss.o', 'PSgamlogit.o', 'PSgampois.o', 'PSgamprob.o'
    
    Compiled code should not call entry points which might terminate R nor
    write to stdout/stderr instead of to the console.
    
    See 'Writing portable packages' in the 'Writing R Extensions' manual.
Flavor: r-oldrel-windows-ix86+x86_64