Last updated on 2024-03-28 06:52:45 CET.
Flavor | Version | Tinstall | Tcheck | Ttotal | Status | Flags |
---|---|---|---|---|---|---|
r-devel-linux-x86_64-debian-clang | 1.2.7 | 11.42 | 109.05 | 120.47 | OK | |
r-devel-linux-x86_64-debian-gcc | 1.2.7 | 7.29 | 80.80 | 88.09 | OK | |
r-devel-linux-x86_64-fedora-clang | 1.2.7 | 146.61 | NOTE | |||
r-devel-linux-x86_64-fedora-gcc | 1.2.7 | 154.60 | OK | |||
r-devel-windows-x86_64 | 1.2.7 | 12.00 | 122.00 | 134.00 | OK | |
r-patched-linux-x86_64 | 1.2.7 | 13.03 | 104.49 | 117.52 | OK | |
r-release-linux-x86_64 | 1.2.7 | 8.99 | 102.15 | 111.14 | OK | |
r-release-macos-arm64 | 1.2.7 | 52.00 | OK | |||
r-release-macos-x86_64 | 1.2.7 | 83.00 | OK | |||
r-release-windows-x86_64 | 1.2.7 | 14.00 | 135.00 | 149.00 | OK | |
r-oldrel-macos-arm64 | 1.2.7 | 44.00 | OK | |||
r-oldrel-windows-x86_64 | 1.2.7 | 15.00 | 145.00 | 160.00 | OK |
Version: 1.2.7
Check: Rd cross-references
Result: NOTE
Undeclared package ‘copula’ in Rd xrefs
Flavor: r-devel-linux-x86_64-fedora-clang