Last updated on 2024-04-30 21:50:04 CEST.
Flavor | Version | Tinstall | Tcheck | Ttotal | Status | Flags |
---|---|---|---|---|---|---|
r-devel-linux-x86_64-debian-clang | 0.1.1 | 4.08 | 67.35 | 71.43 | NOTE | |
r-devel-linux-x86_64-debian-gcc | 0.1.1 | 2.87 | 48.99 | 51.86 | NOTE | |
r-devel-linux-x86_64-fedora-clang | 0.1.1 | 88.07 | NOTE | |||
r-devel-linux-x86_64-fedora-gcc | 0.1.1 | 95.07 | NOTE | |||
r-devel-windows-x86_64 | 0.1.1 | 3.00 | 75.00 | 78.00 | NOTE | |
r-patched-linux-x86_64 | 0.1.1 | 4.18 | 63.41 | 67.59 | NOTE | |
r-release-linux-x86_64 | 0.1.1 | 3.60 | 63.50 | 67.10 | NOTE | |
r-release-macos-arm64 | 0.1.1 | 35.00 | NOTE | |||
r-release-windows-x86_64 | 0.1.1 | 3.00 | 73.00 | 76.00 | NOTE | |
r-oldrel-macos-arm64 | 0.1.1 | 34.00 | NOTE | |||
r-oldrel-macos-x86_64 | 0.1.1 | 53.00 | NOTE | |||
r-oldrel-windows-x86_64 | 0.1.1 | 4.00 | 83.00 | 87.00 | NOTE |
Version: 0.1.1
Check: LazyData
Result: NOTE
'LazyData' is specified without a 'data' directory
Flavors: r-devel-linux-x86_64-debian-clang, r-devel-linux-x86_64-debian-gcc, r-devel-linux-x86_64-fedora-clang, r-devel-linux-x86_64-fedora-gcc, r-devel-windows-x86_64, r-patched-linux-x86_64, r-release-linux-x86_64, r-release-macos-arm64, r-release-windows-x86_64, r-oldrel-macos-arm64, r-oldrel-macos-x86_64, r-oldrel-windows-x86_64