Last updated on 2024-04-30 21:50:02 CEST.
Flavor | Version | Tinstall | Tcheck | Ttotal | Status | Flags |
---|---|---|---|---|---|---|
r-devel-linux-x86_64-debian-clang | 2023.3.8 | 10.23 | 195.10 | 205.33 | NOTE | |
r-devel-linux-x86_64-debian-gcc | 2023.3.8 | 10.21 | 133.01 | 143.22 | NOTE | |
r-devel-linux-x86_64-fedora-clang | 2023.3.8 | 260.86 | NOTE | |||
r-devel-linux-x86_64-fedora-gcc | 2023.3.8 | 258.81 | NOTE | |||
r-devel-windows-x86_64 | 2023.3.8 | 15.00 | 215.00 | 230.00 | NOTE | |
r-patched-linux-x86_64 | 2023.3.8 | 11.87 | 184.95 | 196.82 | NOTE | |
r-release-linux-x86_64 | 2023.3.8 | 11.43 | 177.43 | 188.86 | NOTE | |
r-release-macos-arm64 | 2023.3.8 | 72.00 | NOTE | |||
r-release-windows-x86_64 | 2023.3.8 | 14.00 | 214.00 | 228.00 | NOTE | |
r-oldrel-macos-arm64 | 2023.3.8 | 68.00 | OK | |||
r-oldrel-macos-x86_64 | 2023.3.8 | 123.00 | OK | |||
r-oldrel-windows-x86_64 | 2023.3.8 | 18.00 | 240.00 | 258.00 | OK |
Version: 2023.3.8
Check: Rd files
Result: NOTE
checkRd: (-1) MvInv.Rd:23-35: Lost braces
23 | function(eps, u = 0.5, alpha = 1, kappa = 1, gama = 1 / 2, N = 3001) {
| ^
checkRd: (-1) dt_.Rd:19-21: Lost braces
19 | function(x, df, mean, sd) {
| ^
Flavors: r-devel-linux-x86_64-debian-clang, r-devel-linux-x86_64-debian-gcc, r-devel-linux-x86_64-fedora-clang, r-devel-linux-x86_64-fedora-gcc, r-devel-windows-x86_64, r-patched-linux-x86_64, r-release-linux-x86_64, r-release-macos-arm64, r-release-windows-x86_64